e w(15).
65
Let u(y) = y**3 + 4*y**2 - 7*y + 5. Determine u(-6).
-25
Let t(o) = o**3 - 5*o**2 + 3*o - 2. Give t(5).
13
Let b(w) = w**3 - w**2 - w + 82. What is b(0)?
82
Let b(z) = z**2 + 11*z + 1. Give b(-9).
-17
Let s(n) = -n**3 - 9*n**2 - 4*n - 19. What is s(-10)?
121
Let r(p) = -p**3 + 4*p**2 + 9*p - 5. Give r(6).
-23
Let r(c) = c**3 + 5*c**2 - 9*c + 42. Give r(-7).
7
Let i(m) = m**2 + 12*m - 7. Give i(-12).
-7
Let b(h) = -11*h - 3. Determine b(1).
-14
Let p(w) = w**3 - 2*w - 4. Determine p(-3).
-25
Let l(j) = j**3 + 7*j**2 + 7*j + 6. Give l(-6).
0
Let p(q) = -q**3 - 3*q**2 + 13*q + 10. Give p(-5).
-5
Let h(z) = -4*z**2 + 101*z + 84. Determine h(26).
6
Let i(h) = h**3 + 4*h**2 - 15*h - 10. What is i(-6)?
8
Let d(n) = 3*n**3 - 6*n**2 + 5*n + 5. What is d(3)?
47
Let z(w) = 15*w + 104. Give z(-7).
-1
Let y(s) = s**3 - 15*s**2 - 4*s + 7. What is y(15)?
-53
Let k(h) = -h**3 - 14*h**2 - 8*h + 7. What is k(-13)?
-58
Let q(z) = 2*z**3 + z**2 - 16*z - 10. Give q(-3).
-7
Let m(d) = 2*d**2 - d - 67. Give m(-6).
11
Let z(j) = -j**3 - 6*j**2 + 3. What is z(-5)?
-22
Let v(s) = 7*s + 67. Give v(-6).
25
Let r(n) = n**2 + 12*n + 12. What is r(-11)?
1
Let q(g) = -2*g**2 + 41*g - 164. What is q(15)?
1
Let j(h) = 9*h. Determine j(1).
9
Let c(x) = x**2 + 17*x + 19. What is c(-8)?
-53
Let m(t) = -2*t**3 - 2. Calculate m(2).
-18
Let v(u) = -u**3 + 11*u**2 - 3*u - 23. What is v(10)?
47
Let b(y) = 18*y + 264. What is b(-18)?
-60
Let s(r) = r**2 + 5*r - 2. Give s(-5).
-2
Let t(i) = i**2 + 9*i + 7. Give t(-6).
-11
Let d(j) = -j**3 - 15*j**2 + j + 34. What is d(-15)?
19
Let t(x) = 68*x + 9. Determine t(-3).
-195
Let g(y) = y**3 + 4*y - 5. What is g(2)?
11
Let n(w) = -3*w**2 - 9*w - 1. Give n(-3).
-1
Let q(h) = -h**3 + 9*h**2 - 2*h + 1. Calculate q(9).
-17
Let m(z) = 15*z**2 - 2*z - 1. Determine m(-1).
16
Let o(n) = n**2 + 73*n + 65. Calculate o(-72).
-7
Let c(l) = 2*l - 32. Give c(13).
-6
Let m(b) = 6*b + 1. Calculate m(-1).
-5
Let d(u) = -u**3 + u**2 - u - 5. Calculate d(-3).
34
Let k(v) = -2*v + 7. Determine k(0).
7
Let v(h) = -12*h**2 + h. Determine v(-1).
-13
Let d(w) = -w**2 + w - 3. Calculate d(3).
-9
Let y(x) = 84*x + 1004. What is y(-12)?
-4
Let w(c) = 70*c - 1. What is w(-1)?
-71
Let u(o) = o**2 + 9*o - 2. Determine u(-7).
-16
Let y(t) = 2*t**2 + 16*t + 21. Give y(-7).
7
Let p(y) = 8*y - 4. Calculate p(4).
28
Let j(h) = -10*h + 20. Calculate j(4).
-20
Let m(h) = -h**3 - 4*h**2 - 7*h - 10. Give m(-2).
-4
Let w(x) = -x + 8. What is w(-9)?
17
Let s(z) = -z**3 - 14*z**2 + 15*z + 1. Give s(-15).
1
Let a(o) = -21*o + 44. Give a(2).
2
Let a(z) = 4*z**2 + 23*z - 13. Give a(-6).
-7
Let n(b) = 5*b - 13. Calculate n(11).
42
Let k(n) = -n - 7. Calculate k(-8).
1
Let u(z) = z**3 - 31*z**2 - 34*z - 2. Give u(-1).
0
Let c(f) = -4*f**2 - f + 1. Calculate c(4).
-67
Let z(j) = 4*j**2 - 50*j + 51. Calculate z(1).
5
Let n(q) = -q**3 - 3*q**2 + 3*q - 3. What is n(3)?
-48
Let f(l) = -12*l**2 + 2*l - 1. Determine f(1).
-11
Let c(z) = 5*z**3 - 2*z**2 - z + 2. What is c(1)?
4
Let t(p) = p**3 - 27*p**2 + 112*p - 17. Determine t(5).
-7
Let y(m) = -m**3 + 2*m**2 + m + 51. Calculate y(0).
51
Let y(x) = -11*x + 68. Give y(6).
2
Let v(q) = q**2 - 29*q - 70. Determine v(31).
-8
Let w(v) = -5*v - 37. Calculate w(3).
-52
Let f(i) = i**3 + 12*i**2 - 13*i - 10. What is f(-13)?
-10
Let x(b) = b**2 + 11*b + 16. Give x(-15).
76
Let p(c) = 7*c**2 - 135*c + 24. Give p(19).
-14
Let d(p) = 32*p - 37. Calculate d(1).
-5
Let d(z) = -11*z**3 + z**2 - 1. Determine d(-1).
11
Let n(b) = -47*b - 136. What is n(-3)?
5
Let y(d) = d**3 + 4*d**2 - 2*d - 10. Calculate y(-5).
-25
Let o(n) = -2*n + 8. Calculate o(-3).
14
Let d(c) = -2*c - 13. Determine d(7).
-27
Let n(m) = m**2 - 10*m. Give n(10).
0
Let f(b) = b**3 - 9*b**2 + 14*b + 8. Give f(7).
8
Let l(u) = -u**2 - 23*u - 1. Give l(-23).
-1
Let x(s) = -2*s**2 + 3*s + 26. Determine x(6).
-28
Let d(u) = u**3 + 2*u**2 - 5*u - 1. What is d(2)?
5
Let s(z) = -z**3 + 2*z**2 - 2. Give s(2).
-2
Let s(x) = x**3 + 5*x**2 + x - 5. What is s(-4)?
7
Let f(h) = 2*h**3 - h**2 - 2*h + 4. Give f(2).
12
Let l(u) = -u**3 - 4*u**2 + 9*u - 9. Calculate l(2).
-15
Let w(p) = -p + 7. Give w(6).
1
Let k(z) = -z**3 - 3*z**2 - 50*z - 222. What is k(-4)?
-6
Let k(i) = -14*i + 110. What is k(8)?
-2
Let u(y) = y**3 + 10*y**2 - 7. Give u(-10).
-7
Let d(o) = -o**2 - 3*o + 2. Determine d(-3).
2
Let l(m) = m**3 - 9*m**2 + 11*m - 1. Determine l(7).
-22
Let b(w) = 6*w - 6. Determine b(4).
18
Let p(w) = -2*w + 9. Determine p(-3).
15
Let v(s) = s**3 - 3*s**2 - 8*s + 4. What is v(5)?
14
Let j(z) = -20*z + 4. What is j(-1)?
24
Let r(u) = -2*u - 21. Determine r(-12).
3
Let c(r) = r**3 - r**2 - 5*r + 2. Give c(3).
5
Let q(j) = -34*j**3 - 2*j**2 - 5*j + 6. Give q(1).
-35
Let u(y) = -31*y - 55. What is u(-3)?
38
Let d(p) = -p**3 + 7*p**2 + 3*p - 5. Calculate d(6).
49
Let w(k) = k**3 - 10*k**2 - 10*k. Determine w(-1).
-1
Let s(t) = -t**2 - 11*t + 12. Determine s(-10).
22
Let q(a) = a**2 - 7*a. Determine q(6).
-6
Let r(l) = l**3 + l**2 + 2. What is r(2)?
14
Let c(z) = -z**3 + 8*z**2 + 39*z + 10. What is c(12)?
-98
Let m(s) = 22*s + 63. Give m(-9).
-135
Let p(z) = 5*z - 29. What is p(11)?
26
Let k(r) = -2*r**2 - 5*r - 3. Calculate k(-3).
-6
Let i(u) = -5*u - 31. What is i(-5)?
-6
Let k(l) = l**3 + 4*l**2 - 3*l - 4. Calculate k(-4).
8
Let p(x) = 6*x**3 + 2*x + 1. Give p(-1).
-7
Let n(y) = 2*y**2 + 29*y + 11. Determine n(-10).
-79
Let w(q) = -15*q + 140. Calculate w(9).
5
Let q(m) = -6*m**3 + m**2 - 2. Calculate q(1).
-7
Let t(g) = 5*g**2 - 3*g - 1. Calculate t(-1).
7
Let d(f) = 2*f**2 - 9*f. Give d(6).
18
Let j(z) = 2*z**3 - 3*z**2. Give j(2).
4
Let y(i) = -3*i + 88. Give y(31).
-5
Let v(z) = -z**3 - 5*z**2 - z - 1. Determine v(-3).
-16
Let c(i) = 2*i**3 + 7*i**2 - 5*i - 10. Calculate c(-4).
-6
Let y(k) = -k**3 - 12*k**2 - 2*k - 7. Give y(-12).
17
Let f(n) = 18*n - 1035. Calculate f(57).
-9
Let d(g) = -g**3 + 11*g**2 + 3*g - 13. Calculate d(11).
20
Let q(l) = 2*l**2 - 7*l + 1. What is q(3)?
-2
Let z(w) = -26*w + 99. Calculate z(5).
-31
Let c(y) = 12*y + 26. Determine c(-9).
-82
Let b(d) = d**2 + 5*d - 1. Determine b(1).
5
Let i(d) = -d**3 + d**2 - d - 6. Calculate i(-2).
8
Let a(o) = o**3 + o**2 + 2*o + 19. Give a(0).
19
Let n(f) = -3*f + 30. Give n(-14).
72
Let v(y) = y**3 + 7*y**2 + 7*y + 5. What is v(-6)?
-1
Let x(q) = q**3 + q**2 - 3*q + 27. Calculate x(-4).
-9
Let a(o) = -o - 20. Calculate a(-9).
-11
Let u(w) = w**2 + 14*w + 2. Determine u(-8).
-46
Let p(x) = x**2 + 11*x - 11. What is p(-9)?
-29
Let x(s) = -7*s - 3. Determine x(1).
-10
Let u(b) = -b**3 + 2*b**2 - 3*b + 39. Give u(4).
-5
Let g(y) = 7*y**3 + 4*y + 3. Determine g(-2).
-61
Let z(l) = -28*l - 10. What is z(0)?
-10
Let q(l) = 6*l + 57. Calculate q(0).
57
Let s(q) = q**3 - 14*q**2 + 13*q + 8. Determine s(13).
8
Let f(t) = -8*t - 26. Calculate f(0).
-26
Let d(k) = -11*k - 3. Give d(-3).
30
Let y(s) = -s**3 + 10*s**2 + 2*s - 15. What is y(10)?
5
Let v(t) = -5*t + 12. Determine v(3).
-3
Let x(p) = -2*p**2 - 47*p - 36. Give x(-23).
-13
Let x(a) = -a**2 + 11*a + 171. What is x(20)?
-9
Let d(x) = x**2 + 68*x + 296. Give d(-5).
-19
Let t(q) = 9*q - 57. Give t(5).
-12
Let o(l) = l**2 + 11*l - 15. Give o(-10).
-25
Let n(w) = -117*w - 1169. Calculate n(-10).
1
Let g(u) = u**2 + u - 2. Calculate g(0).
-2
Let v(l) = 2*l**3 - 34*l**2 + 28*l + 67. Give v(16).
3
Let o(g) = -8*g + 3. Calculate o(1).
-5
Let q(s) = s**2 + 2*s - 6. Determine q(-6).
18
Let t(r) = -r**3 - 7*r**2 - 4*r - 6. Determine t(-6).
-18
Let f(s) = s + 8. Determine f(-17).
-9
Let x(v) = v**3 - 7*v**2 - 233*v + 98. Determine x(19).
3
Let l(k) = 2*k**2 + 4*k - 3. Determine l(-3).
3
Let f(a) = a**3 + 15*a**2 + 13*a - 8. Determine f(-14).
6
Let b(q) = q**2 - 4*q - 36. What is b(8)?
-4
Let t(r) = 57*r - 112. Determine t(2).
2
Let a(g) = -g**3 - 12*g**2 - g - 5. Calculate a(-12).
7
Let u(w) = -w**3 - 7*w**2 - 7*w + 2. Determine u(-6).
8
Let u(i) = i**2 - 4*i - 27. Calculate u(9).
18
Let o(y) = -5*y**2 - 37*y - 18. Calculate o(-7).
-4
Let t(z) = -z**2 + 8*z + 89. Calculate t(-8).
-39
Let r(i) = i**3 - 10*i**2 + i - 6. Determine r(10).
4
Let v(k) = 7*k**2 + 2. Give v(2).
30
Let y(s) = 4*s + 10. Determine y(-6).
-14
Let s(u) = 2*u**2 + 12*u - 2. What is s(-4)?
-18
Let c(i) = 12*i**2. Give c(-1).
12